me factors of w?
11, 167
Suppose 0*a - 3*a + 78 = 0. Let c = a - 10. List the prime factors of c.
2
Suppose 0 = 4*u - 6*u, 3*l - 5*u = 12. Suppose -4*t - v + 530 = 2*v, l = -2*v. List the prime factors of t.
2, 67
Let h(p) = 2*p + 37. Let u be (0 - 0)/(0 - -2). What are the prime factors of h(u)?
37
Let a(f) = 9 + f**3 - 4*f - 11 + 2*f**2 + f**2 + 0*f. Let g be a(2). Suppose 0 = -g*l + 9*l + 34. What are the prime factors of l?
2, 17
Let i = 33 - -1. Suppose -5*l = -351 - i. What are the prime factors of l?
7, 11
Let h(p) = -p**3 + 6*p**2 - 12*p - 53. What are the prime factors of h(-6)?
11, 41
Let l(z) = 18*z - 72. Let y(x) = 6*x - 24. Let d(m) = 6*l(m) - 17*y(m). Let g be d(20). Suppose 2*n - c = g + 48, 5*n + c = 367. List the prime factors of n.
73
Let y(r) = r**3 - 11*r**2 + 11*r - 11. Let t be y(10). Let u(p) = 5*p + 1. Let z be u(t). Let j = 13 - z. What are the prime factors of j?
17
Let h be (-17)/5 - (-4)/10. Let x be (-4)/h*(-3)/(-2). Suppose -x*l = 6 - 42. What are the prime factors of l?
2, 3
Let y be (-126)/(-27)*(-30)/(-4). Suppose 2*v = v - y. Let w = v + 85. List the prime factors of w.
2, 5
Let k(a) = 27*a**2 + 10*a - 7. List the prime factors of k(10).
3, 7, 19
Let p be 67/(-4*(-1)/4). Let d = 53 + p. List the prime factors of d.
2, 3, 5
Let p(j) = -j**2 - 11*j - 10. Let w be p(-9). Let a = w + -17. Let h(b) = b**2 + 3*b - 1. What are the prime factors of h(a)?
53
List the prime factors of (-72)/(-216)*8796/2.
2, 733
Suppose 2*z - 4 = 2, 0 = -5*h - 2*z + 401. What are the prime factors of h?
79
List the prime factors of (72/(-40) - -1)*-505.
2, 101
Let r = -2 - 33. Let m = 57 + r. What are the prime factors of m?
2, 11
Let k(i) = -i**3 + 25*i**2 + 20*i + 53. Let o be k(26). Let q(h) = 30*h - 1. Let j be q(5). Let x = j + o. List the prime factors of x.
2, 23
Suppose -217 - 264 = 5*v + 2*u, 0 = v + 3*u + 91. Let z = -62 - v. List the prime factors of ((-42)/z)/(6/(-40)).
2
Let m be 6/(-14) - (-265)/(-35). Let a = -9 + 24. Let v = a - m. List the prime factors of v.
23
Let r(a) = a + 14. Let t = -13 + 10. Let p be (t/(-6))/((-5)/110). What are the prime factors of r(p)?
3
Let l(z) = 2*z**2 + 16*z + 18. What are the prime factors of l(-36)?
2, 3, 113
Suppose 2*z - 264 = -2*p, 5*p + 420 = -7*z + 10*z. Suppose -t = -r - 46, 3*r = 2*t + 43 - z. List the prime factors of t.
2, 23
List the prime factors of 6/10 - (92408/(-20) + -5).
2, 3, 257
Let y(b) be the first derivative of -b**2/2 - 8*b + 3. Let j be y(-6). Let i(w) = -10*w - 1. List the prime factors of i(j).
19
Let n be -3 + (-3)/(-1) + -1. Let m(c) = 48*c**2 + 5*c + 1. Let r(h) = h. Let t(x) = m(x) - 4*r(x). What are the prime factors of t(n)?
2, 3
Suppose -6*h + 13*h + 147 = 0. Let z = 39 + h. What are the prime factors of z?
2, 3
Suppose g = -4*g + 180. Let z = -29 + g. List the prime factors of z.
7
List the prime factors of (1114/(-3))/(3 - (-55)/(-15)).
557
What are the prime factors of (-2310)/(-2) - (-104)/(-13)?
31, 37
Let m(k) = -k**2 + 9*k + 2. Let y(o) = -5*o**2 + 37*o + 8. Let d(p) = 9*m(p) - 2*y(p). Let g be d(-6). What are the prime factors of 6/4*(g - -10)?
3
Let b(z) be the second derivative of z**4/12 - z**3 - 5*z**2 + 5*z. Let h be b(8). Suppose -5*s - 4*f - h + 111 = 0, 0 = -4*f. What are the prime factors of s?
3, 7
Let h(g) = 14*g + 12. Let k(m) = 13*m + 13. Let f(p) = 5*h(p) - 6*k(p). List the prime factors of f(-8).
2, 23
Let i = 4482 + -872. List the prime factors of i.
2, 5, 19
List the prime factors of (-50)/15*6126/(-10).
2, 1021
Let f(d) = 5*d - 14. Let p be f(5). Suppose -2*k + 8 = v - 3*v, -2*k = v - p. What are the prime factors of (-2)/k + (-434)/(-10)?
43
Suppose 3725 = 5*z + 5*o, -2*z = 27*o - 22*o - 1496. What are the prime factors of z?
743
Let t = 15 - 29. List the prime factors of (11 - 18)/(2/t).
7
List the prime factors of -38 + 42 - (-946 + 2).
2, 3, 79
Suppose 6*q - 3*q = 825. List the prime factors of q.
5, 11
Suppose 0 = -3*g - 3, 5*l - 4*l + 4*g - 196 = 0. Let r = -115 + l. What are the prime factors of r?
5, 17
Let u be -90*(-5)/20*-2. Let d = u - -87. What are the prime factors of d?
2, 3, 7
Let v = -48 + 36. Let j = -10 - v. What are the prime factors of j?
2
Let k be (-9)/(12/(-4)) + 131. Let z = 226 - k. List the prime factors of z.
2, 23
Suppose -3*m + 4*w - 3*w + 24 = 0, -4*m + 19 = 3*w. Let b = -16 + m. Let n(a) = a**2 + 6*a + 6. List the prime factors of n(b).
3, 11
Let a(m) = 6 + 9*m + 5*m - m**2 - 3*m + 2*m. Let d be a(8). Suppose 4*u - d = 3*z, 7 + 3 = 5*z. What are the prime factors of u?
13
Let d(c) = -c - 31. Let u be d(-33). Let m = -1 + -158. List the prime factors of (u/6)/((-1)/m).
53
Suppose -8*f + 16*f - 16 = 0. Suppose c - 183 = -2*m, -2 - 3 = -5*c. Suppose 2*p + 4*k = 88, f*p + m = 4*p + 5*k. List the prime factors of p.
2, 19
Suppose -6*l - 42 = -8*l. Suppose -26*c + 120 = -l*c. What are the prime factors of c?
2, 3
Let p be 11 + -4 + -4 - 0. Suppose 5*r - 21 = 5*s - 6, 4*r - 14 = p*s. Suppose 164 - 30 = s*t. What are the prime factors of t?
67
Suppose 9*b + 3*b = 60. Suppose -u + 2*p = -303, b*u + 3*p - 1012 - 438 = 0. What are the prime factors of u?
293
Suppose 4*j + 23 = v, -j - v + 6*v - 1 = 0. Let k = 79 - j. What are the prime factors of k?
5, 17
Let o(z) = 2*z**2 - 5*z + 11. Let r be o(-7). Suppose -2*c - r = -10*c. Let q = -14 + c. What are the prime factors of q?
2
Let x(s) = -2*s + 1 - 13 - 8. Let y(p) = p. Let u(h) = -x(h) - y(h). List the prime factors of u(-8).
2, 3
Suppose -5*r - g - 6 - 4 = 0, 13 = -3*r - 2*g. Let k(l) = -2*l**2. Let d be k(r). What are the prime factors of d - -23*(0 + 1)?
3, 7
Let b(d) = -7*d + 3 + 16*d + 4*d - 1. What are the prime factors of b(2)?
2, 7
Let h(x) be the third derivative of x**5/30 - 3*x**4/8 + x**3/6 - 8*x**2. What are the prime factors of h(11)?
2, 3
Let f(j) = 6*j**3 - 9*j**2 - 14*j + 61. List the prime factors of f(7).
2, 5, 79
Suppose -3*f + 18 = -0*f. Suppose -f*k = -k - 90. Let z = -14 + k. What are the prime factors of z?
2
Suppose 65*m - 116945 = 67980. List the prime factors of m.
5, 569
Let q(t) = 20*t**2 + 16*t - 2. List the prime factors of q(-5).
2, 11, 19
Suppose 2*z = 42 + 240. Suppose 3*y + z = -0*y. Let j = y - -68. List the prime factors of j.
3, 7
Let g(m) = m**3 - 4*m**2 + m - 1. Let b be g(5). Suppose -160 = -21*y + b. List the prime factors of y.
3
Let y = 664 + 944. What are the prime factors of y?
2, 3, 67
Suppose 0 = 5*m - 8 - 12. Suppose 0 = -7*p + m*p + 87. Suppose -3*k = 4*y - p, -4*y + 24 = k + 3*k. What are the prime factors of y?
11
Suppose 0 = -36*t + 19*t + 8211. List the prime factors of t.
3, 7, 23
Suppose 0 = -3*r + 18*z - 14*z + 8231, -3*r = -3*z - 8229. What are the prime factors of r?
2741
Suppose 579 - 6849 = -3*t + k, -2*t + 4170 = -4*k. List the prime factors of t.
3, 17, 41
Let d(c) be the third derivative of -7*c**4/12 + 5*c**3/2 + c**2. Let r be d(-8). Suppose -5 - r = -4*l. List the prime factors of l.
3, 11
Let d = -8 - -611. List the prime factors of d.
3, 67
Suppose 2*r = -2*d - r - 525, 25 = -5*r. Let z = d - -508. What are the prime factors of z?
11, 23
What are the prime factors of (-2)/16 - ((-6342)/48 - -6)?
2, 3, 7
Let z(v) = v**2 - 8*v + 15. Let g be 40/6 + 2/6. List the prime factors of z(g).
2
Suppose -9 = 3*x, 5*r - 397 = -0*r - x. Suppose -z + r = -5*c, 0 = z - 3*c + 5*c - 45. What are the prime factors of z?
5, 11
Let u(t) = 13*t + 1479. List the prime factors of u(0).
3, 17, 29
Let o be 27/6*(-8)/(-6). List the prime factors of ((-19)/(-4))/(o/72).
3, 19
Let k be -2 + 5 - 2/1. Suppose 0 = -b + 3 - k. Suppose 0 = b*v - 0*v - 16. What are the prime factors of v?
2
Let f be (-2 - -1)/(4/(-12)). Suppose 15 = 6*p - f*p. Suppose -p*l = -21 - 124. List the prime factors of l.
29
Suppose 4*h + 5*k = 3318, -2*h - 5*k = 3*h - 4145. What are the prime factors of h?
827
Let q(f) = -552*f**2 + 288*f**2 + 24 - f + 273*f**2. List the prime factors of q(4).
2, 41
Suppose -5*y + 2*z + 1660 = -1919, 0 = -y + 5*z + 702. What are the prime factors of y?
3, 239
Let d(y) = 0*y + 17*y + 23*y. Let z be d(1). Suppose -2*c - 3*c = -z. What are the prime factors of c?
2
Suppose -z - 4*d = 18, z + 2*d = -d - 13. Let f(m) = z + 5*m - 5 - 8*m. List the prime factors of f(-9).
2, 3
List the prime factors of (-4 - -3) + (